{"id":18031,"date":"2026-08-31T15:15:58","date_gmt":"2026-08-31T15:15:58","guid":{"rendered":"https:\/\/dgpe.gouv.ci\/fr\/?post_type=flash_infos&#038;p=18031"},"modified":"2026-08-31T15:15:58","modified_gmt":"2026-08-31T15:15:58","slug":"le-ministere-du-portefeuille-de-letat-et-des-entreprises-publiques-mpeep-organise-le-diner-gala-de-la-8eme-edition-du-prix-dexcellence-et-de-la-gouvernance-des-entreprises-publiques-le-mercred","status":"publish","type":"flash_infos","link":"https:\/\/dgpe.gouv.ci\/fr\/flash_infos\/le-ministere-du-portefeuille-de-letat-et-des-entreprises-publiques-mpeep-organise-le-diner-gala-de-la-8eme-edition-du-prix-dexcellence-et-de-la-gouvernance-des-entreprises-publiques-le-mercred\/","title":{"rendered":"Le Minist\u00e8re du Portefeuille de l&rsquo;Etat et des Entreprises Publiques ( MPEEP) organise le D\u00eener Gala de la 8\u00e8me \u00e9dition du Prix d&rsquo;Excellence et de la Gouvernance des Entreprises Publiques, le mercredi 09 septembre 2026, \u00e0 partir de 17h30, au Palais des Congr\u00e8s du Sofitel H\u00f4tel Ivoire."},"content":{"rendered":"<p>Le Prix National d&rsquo;Excellence du Meilleur Agent du Suivi du Portefeuille de l&rsquo;Etat 2026 a \u00e9t\u00e9 d\u00e9cern\u00e9 \u00e0 Monsieur IRIE bi Kouai Mathieu, Sous-Directeur du Portefeuille Electricit\u00e9, Hydrocarbures, Eau et Assainissement.<\/p>\n","protected":false},"featured_media":0,"template":"","class_list":["post-18031","flash_infos","type-flash_infos","status-publish","hentry"],"_links":{"self":[{"href":"https:\/\/dgpe.gouv.ci\/fr\/wp-json\/wp\/v2\/flash_infos\/18031","targetHints":{"allow":["GET"]}}],"collection":[{"href":"https:\/\/dgpe.gouv.ci\/fr\/wp-json\/wp\/v2\/flash_infos"}],"about":[{"href":"https:\/\/dgpe.gouv.ci\/fr\/wp-json\/wp\/v2\/types\/flash_infos"}],"wp:attachment":[{"href":"https:\/\/dgpe.gouv.ci\/fr\/wp-json\/wp\/v2\/media?parent=18031"}],"curies":[{"name":"wp","href":"https:\/\/api.w.org\/{rel}","templated":true}]}}

Le Ministère du Portefeuille de l&rsquo;Etat et des Entreprises Publiques ( MPEEP) organise le Dîner Gala de la 8ème édition du Prix d&rsquo;Excellence et de la Gouvernance des Entreprises Publiques, le mercredi 09 septembre 2026, à partir de 17h30, au Palais des Congrès du Sofitel Hôtel Ivoire.

<p>Le Prix National d&rsquo;Excellence du Meilleur Agent du Suivi du Portefeuille de l&rsquo;Etat 2026 a été décerné à Monsieur IRIE bi Kouai Mathieu, Sous-Directeur du Portefeuille Electricité, Hydrocarbures, Eau et Assainissement.</p>
